r) = -r**3 - 4*r**2 + 6*r + 34. Let u be a(-4). What is the greatest common factor of 2770 and u?
10
Let g be (32/20)/((-6)/(-105)). Suppose -3*j - 6*j + 288 = 0. Suppose -5*x - j = -522. What is the highest common factor of x and g?
14
Suppose -55*f + 54*f + 3894 = 0. What is the highest common factor of 59 and f?
59
Let a be (0 - (-13)/2)*6. Let c be 10/2 + 0 + -2. Suppose 6 - 45 = -c*z. What is the highest common divisor of z and a?
13
Let i(u) be the third derivative of -u**5/60 + 11*u**4/24 + 5*u**3/3 - 4*u**2. Let z be i(7). Let s = z - 27. Calculate the greatest common factor of 1 and s.
1
Let h = -1671 + 1695. Calculate the highest common factor of 582 and h.
6
Suppose 5*g = 35*n - 41*n + 815, 2*g = 4*n + 326. What is the highest common factor of g and 7?
1
Let x = 214 - 210. Suppose x*h - 57 = 27. What is the highest common factor of h and 189?
21
Let f = 5799 - 5695. Calculate the highest common divisor of f and 806.
26
Let b be 40/15*9/12. Let n be -3 + 4 + 23 + -2. Calculate the greatest common divisor of b and n.
2
Suppose 5*g + c = 9*g - 46, 0 = -4*g - 5*c + 58. What is the highest common factor of g and 879?
3
Let f be 4/(-13) + 9929904/2652. Calculate the highest common divisor of f and 360.
72
Suppose 2*x - 2690 = -9*v, -131*v = -134*v - 5*x + 875. Calculate the greatest common divisor of 1150 and v.
50
Suppose -6*g - 90 = 4*g. Let t be 3*((-201)/g - -6). What is the greatest common divisor of 17 and t?
17
Let h = 496 - 811. Let f = h + 350. Calculate the greatest common divisor of f and 7.
7
Suppose -5*d - 4*i = -8884, -d + 1150 = i - 626. What is the highest common divisor of d and 280?
20
Let i = -1058 - -1059. What is the highest common factor of i and 271?
1
Suppose -40*l + 2396 = 596. Calculate the highest common divisor of l and 2745.
45
Let l be 35/21 - 4/(-12). Suppose 5*y - 1881 = -2*k, -l*y + 744 = -15*k + 13*k. Calculate the greatest common divisor of y and 15.
15
Let p be 2302 + 4/(-2)*(-145)/58. Calculate the highest common factor of p and 3.
3
Let b be 4/(-18) - ((-102080)/9)/10. Suppose 18*i = 45*i - b. Let r = 46 - 25. Calculate the greatest common divisor of r and i.
21
Let h(d) = 252*d**2 - 2*d + 3. Let z be h(1). Suppose -3*s + 7*s = 0. Suppose s = 3*k + 26 - 95. What is the highest common divisor of k and z?
23
Suppose 143*y = 60151 + 76700. Calculate the highest common divisor of 87 and y.
87
Suppose 0 = 78*l - 67*l - 55. Suppose -4*h = -4*u + 144, -2*u - 5*h = -71 + 6. What is the highest common factor of l and u?
5
Let f = 3884 - 3664. What is the highest common factor of 8 and f?
4
Let i be -2*3/8 + (18380/16 - -1). Calculate the greatest common factor of 6 and i.
3
Let q(c) = 15*c + 3. Let z be q(-7). Let d = 155 + z. Let x = -21 + d. What is the greatest common divisor of x and 4?
4
Suppose -121784 = -62*d + 808402. What is the highest common divisor of d and 9?
9
Suppose 96*w - 42751 + 14121 = 56810. Calculate the greatest common divisor of 7298 and w.
178
Let z(m) = -m**2 - 4*m + 15. Let f be z(-6). Let k be 117/27*f/1. Calculate the greatest common factor of 13 and k.
13
Suppose -3*q = -5*q + 12. Let f be q/(-9)*-3*(-14)/(-4). Let n(r) = r - 3. Let a be n(f). Calculate the highest common divisor of a and 44.
4
Let v be (-4 - -22)/(9/6). Let a(m) = -m**3 - 13*m**2 - 8*m - 20. Suppose 13 = p - 2*p. Let i be a(p). Calculate the highest common divisor of v and i.
12
Let j = -48 - -603. Let x be (120/16)/(1/2). Calculate the highest common divisor of x and j.
15
Suppose 3*v - 361 = 4*x, 2*v - 163 = 2*x + 75. What is the highest common divisor of 1679 and v?
23
Let k(a) be the second derivative of a**5/20 + a**4/2 - 3*a**3/2 - 22*a**2 - 208*a. Let u be k(-3). Calculate the highest common factor of u and 44.
2
Let j be -4*156/(-48) + 16224. What is the highest common factor of j and 13?
13
Suppose 54*f + 32*f = -7*f + 439890. Calculate the greatest common factor of f and 220.
110
Let v = -162 + 158. Let z be 1 + (v - -6 - -42). Calculate the highest common divisor of 10 and z.
5
Let a = 181 - 153. Suppose 0 = 2*n - 115 - 39. Calculate the greatest common factor of n and a.
7
Suppose 6 = 5*v - 2*v. Let z(s) = -1 - 6 + 6*s - v*s - 17. Let w be z(7). Calculate the highest common divisor of w and 4.
4
Let g be 18/4*((4 - 1) + -5). Let f be 2/(-3)*(12 + g). Let h be 30 - (f + 5/(5/(-2))). Calculate the highest common divisor of h and 153.
17
Let g(x) = -61*x + 266. Let v be g(2). Let p be (-5 + -3)/(2/(-3)). Calculate the greatest common factor of v and p.
12
Suppose 116*p - 1296 = 108*p. Let t = 59 - 5. Calculate the greatest common divisor of p and t.
54
Suppose 0 = 767*u - 768*u - 4, 2*k + 3*u - 2956 = 0. What is the highest common divisor of 98 and k?
14
Let o(h) = 2*h**3 + 14*h**2 - 14*h + 5. Let g be o(-6). Suppose 0 = -172*n + g*n + 770. What is the greatest common divisor of 14 and n?
14
Let t be ((-3250)/40)/13*-468. Calculate the highest common factor of 130 and t.
65
Let l be 1849731/774 + (-1)/(-6). Calculate the greatest common factor of l and 20.
10
Let p be (-2)/(-26) - ((-5808)/208 + 14). Calculate the highest common factor of p and 164.
2
Let y(w) = w**2 - 22*w + 98. Let u be y(19). Let s be (37 + u)*-2*1/(-3). Calculate the highest common divisor of 39 and s.
13
Let z = 2425 - 1984. What is the greatest common divisor of 546 and z?
21
Let v be (44*(-8)/(-440))/(-1 - 71/(-70)). What is the highest common divisor of 756 and v?
28
Let v = 5048 - 4801. Calculate the highest common factor of 52 and v.
13
Let o(g) = 737*g + 6305. Let u be o(-7). Calculate the greatest common factor of 30 and u.
6
Suppose -a - 3*n = -2*n - 15, -35 = -5*a + 5*n. Let c be ((-275)/(-10))/a*2. Let k be 136/3 - 2/6. What is the greatest common factor of k and c?
5
Let t = 15 + -8. Let k(h) = -h**3 + 8*h**2 - 6*h - 16. Let f be k(t). Let c be 0*(-3)/f + (-75)/(-1). What is the greatest common divisor of 30 and c?
15
Let t(v) = -4*v**3 - 4*v**3 - 101 + 7*v + 102 - 4*v. Let g be t(-1). Calculate the greatest common factor of 3 and g.
3
Let w(c) = 2*c**3 - 5*c**2 - 79*c + 332. Let a be w(5). What is the highest common divisor of a and 11625?
31
Suppose 43*l - 48*l + 2*r = 275, -r = -4*l - 223. Let z = l + 627. Calculate the highest common factor of 60 and z.
30
Let u(r) = -r**2 + 4*r - 1. Let j be u(5). Let h be j*(111/6 - (-2 - 0)). Let z = h + 163. What is the greatest common factor of z and 8?
8
Let s(h) = 1157*h - 2093. Let m be s(4). What is the greatest common factor of m and 15?
15
Suppose 2*d - 15 = 51. Let p = -21 + d. Suppose -s - 2 = -2*g + 2*s, -4*g = -4*s - 8. What is the greatest common factor of p and g?
4
Let c(o) be the third derivative of o**5/60 - o**4/12 + 5*o**3/6 - 29*o**2. Let n be c(10). What is the greatest common divisor of 10 and n?
5
Let m(a) = 2*a**3 - 10*a**2 + 17*a - 303. Let d be m(7). Calculate the greatest common divisor of d and 36588.
12
Suppose a = -4*p - 2*a - 839, 0 = 2*p + 2*a + 418. Let z = 235 + p. Calculate the greatest common factor of z and 46.
23
Suppose -5*k = -2*t - 68, 0 = 4*t - k + 44 + 56. Let q be 40/(-6)*(-7)/((-35)/t). Calculate the greatest common divisor of q and 2.
2
Let v = -10 - -14. Suppose r = -2*d + 437, 5*d - d + 1688 = v*r. Suppose -12*h + 1253 = -r. Calculate the greatest common divisor of h and 10.
10
Let b = -11 + 32. Let u(n) = -10*n - 17. Suppose 4*i + 28 = -5*o, 0 = -3*o - 0*i + 5*i - 39. Let f be u(o). Calculate the greatest common divisor of f and b.
21
Let o = 3 - -13. Suppose 0 = -5*v + 5*t + 65, -6 = 2*t + 2. Let l be v/(-1)*(-4 + 60/(-9)). Calculate the highest common factor of o and l.
16
Let i be ((-686)/4 - -2)*(10 + -8). Let h = 371 + i. Calculate the highest common factor of 28 and h.
4
Suppose 5*d + 16 = c, -52 = -3*c + 5*d + 6. Let w be ((-6)/5)/(58/(-870)). Suppose w*z = 16*z + 6. Calculate the greatest common divisor of c and z.
3
Suppose -4*n + 418 = 5*h - 0*n, -4*h = -4*n - 356. Suppose -5*f + h - 13 = 4*t, -2*f = -2*t + 50. Calculate the greatest common factor of 154 and t.
22
Let d(i) = 716*i**2 + 9*i - 26. Let y be d(-4). Calculate the greatest common factor of 36 and y.
18
Let m be (-2800)/28 - (-1 + 0)*5. Let t be m*(-10)/5 - 8. Calculate the greatest common factor of t and 14.
14
Suppose -4*y + 97 = 5*z + 50, 3*y = z - 36. Let 